{"id":22,"date":"2026-01-19T00:01:28","date_gmt":"2026-01-19T00:01:28","guid":{"rendered":"https:\/\/diegocaro.co\/?page_id=22"},"modified":"2026-02-13T19:47:34","modified_gmt":"2026-02-13T19:47:34","slug":"home","status":"publish","type":"page","link":"https:\/\/diegocaro.co\/","title":{"rendered":"Home"},"content":{"rendered":"<p>[vc_row][vc_column]<div class=\"eltdf-text-marquee eltdf-tm-2316\" style=\"color: #000000;font-size: 16px;font-weight: 700\" data-item-class=\"eltdf-tm-2316\">\n\t<span class=\"eltdf-marquee-element eltdf-original-text\">BOGOT\u00c1 MERECE VIVIR SIN MIEDO<\/span>\n\t<span class=\"eltdf-marquee-element eltdf-aux-text\">BOGOT\u00c1 MERECE VIVIR SIN MIEDO<\/span>\n<\/div>  [\/vc_column][\/vc_row][vc_row content_placement=&#8221;middle&#8221; content_text_aligment=&#8221;center&#8221;][vc_column][vc_column_text]<\/p>\n<h3>Bogot\u00e1 necesita orden<\/h3>\n<p>[\/vc_column_text][vc_column_text]<\/p>\n<p style=\"text-align: center;\">Gracias por estar aqu\u00ed.<\/p>\n<p style=\"text-align: center;\">Esta no es una p\u00e1gina m\u00e1s de pol\u00edtica: es un espacio para<br \/>\nquienes est\u00e1n <strong>cansados de la inseguridad<\/strong>, de la <strong>improvisaci\u00f3n<\/strong> y de que jueguen<br \/>\ncon la vida de la gente. Defender Bogot\u00e1 es <strong>defender a las familias<\/strong> que madrugan, trabajan y sostienen esta ciudad. Defender a nuestros hijos es poner l\u00edmites claros al crimen, a la <strong>corrupci\u00f3n<\/strong> y a la indiferencia del Estado.<br \/>\nAqu\u00ed encontrar\u00e1s <strong>qui\u00e9n soy<\/strong>, qu\u00e9 propongo y c\u00f3mo puedes hacer parte de este<br \/>\nproyecto.<\/p>\n<p style=\"text-align: center;\"><strong>\u00a1Acompa\u00f1ame!<\/strong><\/p>\n<p>[\/vc_column_text][vc_column_text]<\/p>\n<h1 style=\"text-align: center;\">La voz de la ciudad<\/h1>\n<p>[\/vc_column_text][\/vc_column][\/vc_row][vc_row][vc_column width=&#8221;1\/2&#8243;][vc_empty_space][vc_video link=&#8221;https:\/\/www.youtube.com\/playlist?list=PL_AhcfM2d90yTGuV7KQ0XrvDDcqzC7GC4&#8243;][vc_empty_space][\/vc_column][vc_column width=&#8221;1\/2&#8243;][vc_empty_space][vc_video link=&#8221;https:\/\/www.youtube.com\/playlist?list=PL_AhcfM2d90x150M9E3uAA21d7cew5Km9&#8243;][vc_empty_space][\/vc_column][\/vc_row][vc_row][vc_column width=&#8221;1\/3&#8243;][vc_empty_space][vc_video link=&#8221;https:\/\/www.youtube.com\/shorts\/yRC_SF7N7Pk&#8221;][vc_empty_space][\/vc_column][vc_column width=&#8221;1\/3&#8243;][vc_empty_space][vc_video link=&#8221;https:\/\/www.youtube.com\/shorts\/ZPQC-zMTvYU&#8221;][vc_empty_space][\/vc_column][vc_column width=&#8221;1\/3&#8243;][vc_empty_space][vc_video link=&#8221;https:\/\/www.youtube.com\/shorts\/9Xlp6Sjf4FA&#8221;][vc_empty_space][\/vc_column][\/vc_row][vc_row content_placement=&#8221;middle&#8221; row_content_width=&#8221;grid&#8221;][vc_column width=&#8221;1\/3&#8243;]<div class=\"eltdf-iwt\">\n    <div class=\"eltdf-iwt-inner clearfix  eltdf-iwt-icon-top eltdf-iwt-icon-tiny     \" >\n                    <div class=\"eltdf-iwt-icon\">\n                                            <img loading=\"lazy\" decoding=\"async\" width=\"200\" height=\"179\" src=\"https:\/\/diegocaro.co\/wp-content\/uploads\/2026\/01\/Captura-de-pantalla-2026-01-24-113516-1.png\" class=\"attachment-full size-full\" alt=\"\" \/>                                                            <\/div>\n            <div class=\"eltdf-iwt-content\" >\n                                    <h6 class=\"eltdf-iwt-title\" >\n                        <span class=\"eltdf-iwt-title-text\">``No es normal sentir un nudo en el est\u00f3mago al sacar el celular en el paradero.``<\/span>\n                    <\/h6>\n                                            <\/div>\n            <\/div>\n<\/div>[\/vc_column][vc_column width=&#8221;1\/3&#8243;]<div class=\"eltdf-iwt\">\n    <div class=\"eltdf-iwt-inner clearfix  eltdf-iwt-icon-top eltdf-iwt-icon-tiny     \" >\n                    <div class=\"eltdf-iwt-icon\">\n                                            <img loading=\"lazy\" decoding=\"async\" width=\"200\" height=\"179\" src=\"https:\/\/diegocaro.co\/wp-content\/uploads\/2026\/01\/Captura-de-pantalla-2026-01-24-113516-1.png\" class=\"attachment-full size-full\" alt=\"\" \/>                                                            <\/div>\n            <div class=\"eltdf-iwt-content\" >\n                                    <h6 class=\"eltdf-iwt-title\" >\n                        <span class=\"eltdf-iwt-title-text\">``No es normal medir la hora de llegada a casa por miedo a la calle.``<\/span>\n                    <\/h6>\n                                            <\/div>\n            <\/div>\n<\/div>[\/vc_column][vc_column width=&#8221;1\/3&#8243;]<div class=\"eltdf-iwt\">\n    <div class=\"eltdf-iwt-inner clearfix  eltdf-iwt-icon-top eltdf-iwt-icon-tiny     \" >\n                    <div class=\"eltdf-iwt-icon\">\n                                            <img loading=\"lazy\" decoding=\"async\" width=\"200\" height=\"179\" src=\"https:\/\/diegocaro.co\/wp-content\/uploads\/2026\/01\/Captura-de-pantalla-2026-01-24-113516-1.png\" class=\"attachment-full size-full\" alt=\"\" \/>                                                            <\/div>\n            <div class=\"eltdf-iwt-content\" >\n                                    <h6 class=\"eltdf-iwt-title\" >\n                        <span class=\"eltdf-iwt-title-text\">``No es normal que el que te rob\u00f3 salga libre antes de que t\u00fa termines la denuncia.``<\/span>\n                    <\/h6>\n                                            <\/div>\n            <\/div>\n<\/div>[\/vc_column][\/vc_row][vc_row][vc_column width=&#8221;1\/3&#8243;][\/vc_column][vc_column width=&#8221;1\/3&#8243;][vc_empty_space]<div class=\"eltdf-iwt\">\n    <div class=\"eltdf-iwt-inner clearfix  eltdf-iwt-icon-top eltdf-iwt-icon-tiny     \" >\n                    <div class=\"eltdf-iwt-icon\">\n                                            <img loading=\"lazy\" decoding=\"async\" width=\"200\" height=\"179\" src=\"https:\/\/diegocaro.co\/wp-content\/uploads\/2026\/01\/Captura-de-pantalla-2026-01-24-113516-1.png\" class=\"attachment-full size-full\" alt=\"\" \/>                                                            <\/div>\n            <div class=\"eltdf-iwt-content\" >\n                                    <h6 class=\"eltdf-iwt-title\" >\n                        <span class=\"eltdf-iwt-title-text\">``Nos acostumbramos al miedo. Pero el miedo no es el destino de Bogot\u00e1.``<\/span>\n                    <\/h6>\n                                            <\/div>\n            <\/div>\n<\/div>[\/vc_column][vc_column width=&#8221;1\/3&#8243;][\/vc_column][\/vc_row][vc_row][vc_column][vc_column_text]<\/p>\n<h1 style=\"text-align: center;\">El Candidato<\/h1>\n<p>[\/vc_column_text][vc_empty_space][\/vc_column][\/vc_row][vc_row content_placement=&#8221;middle&#8221; row_content_width=&#8221;grid&#8221;][vc_column]<div class=\"eltdf-animation-holder eltdf-fade-in-down\" data-animation=\"eltdf-fade-in-down\" data-animation-delay=\"\"><div class=\"eltdf-animation-inner\"><div class=\"eltdf-image-with-text-holder  eltdf-has-shadow   \">\n    <div class=\"eltdf-iwt-image\">\n                                    <img loading=\"lazy\" decoding=\"async\" src=\"https:\/\/diegocaro.co\/wp-content\/uploads\/2026\/01\/WhatsApp-Image-2026-01-14-at-11.34.51-AM-600x800.jpeg\" alt=\"\" width=\"600\" height=\"800\" \/>                        <\/div>\n\n        <div class=\"eltdf-iwt-title-holder\">\n        <h2 class=\"eltdf-iwt-title\" >\n                        Diego Caro\t\t\t                <\/h2>\n    <\/div>\n    \n            <div class=\"eltdf-iwt-text-holder\">\n        <p class=\"eltdf-iwt-text\" >No busco convencerte con promesas que ya has escuchado mil veces. Estoy aqu\u00ed porque, al igual que t\u00fa, no acepto que vivir con miedo sea nuestra \u00fanica opci\u00f3n. Mi compromiso es el orden, la autoridad y la responsabilidad de hacerme cargo.<\/p>\n        <\/div>\n    <\/div><\/div><\/div>[\/vc_column][\/vc_row][vc_row][vc_column parallax=&#8221;content-moving&#8221; css=&#8221;.vc_custom_1768867350791{border-radius: 4px !important;}&#8221;]<div class=\"eltdf-call-to-action-holder  eltdf-normal-layout eltdf-content-in-grid eltdf-three-quarters-columns\">\n\t<div class=\"eltdf-cta-inner eltdf-grid\">\n\t\t<div class=\"eltdf-cta-text-holder\">\n\t\t\t<div class=\"eltdf-cta-text\">\n<h4><b data-path-to-node=\"16\" data-index-in-node=\"2\">S\u00e9 parte de la historia. S\u00e9 parte del 103 x Bogot\u00e1<\/b><\/h4>\n<\/div>\n\t\t<\/div>\n\t\t<div class=\"eltdf-cta-button-holder\" >\n\t\t\t<div class=\"eltdf-cta-button\"><a itemprop=\"url\" href=\"https:\/\/wa.me\/573207185159\" target=\"_self\" style=\"color: #ffffff;background-color: #0b569b\" class=\"eltdf-btn eltdf-btn-large eltdf-btn-solid eltdf-btn-direction-animation\"  >    <span class=\"eltdf-btn-text\">Unirme<\/span>                        <span class=\"eltdf-btn-background-holder\">            <span class=\"eltdf-btn-background\"><\/span>        <\/span>            <\/a><\/div>\n\t\t<\/div>\n\t<\/div>\n<\/div>[\/vc_column][\/vc_row]<\/p>\n","protected":false},"excerpt":{"rendered":"<p>[vc_row][vc_column][\/vc_column][\/vc_row][vc_row content_placement=&#8221;middle&#8221; content_text_aligment=&#8221;center&#8221;][vc_column][vc_column_text] Bogot\u00e1 necesita orden [\/vc_column_text][vc_column_text] Gracias por estar aqu\u00ed. Esta no es una p\u00e1gina m\u00e1s de pol\u00edtica: es un espacio para quienes est\u00e1n cansados de la inseguridad, de la improvisaci\u00f3n y de que jueguen con la vida de [&hellip;]<\/p>\n","protected":false},"author":2,"featured_media":0,"parent":0,"menu_order":0,"comment_status":"closed","ping_status":"closed","template":"","meta":{"footnotes":""},"class_list":["post-22","page","type-page","status-publish","hentry"],"_links":{"self":[{"href":"https:\/\/diegocaro.co\/index.php\/wp-json\/wp\/v2\/pages\/22","targetHints":{"allow":["GET"]}}],"collection":[{"href":"https:\/\/diegocaro.co\/index.php\/wp-json\/wp\/v2\/pages"}],"about":[{"href":"https:\/\/diegocaro.co\/index.php\/wp-json\/wp\/v2\/types\/page"}],"author":[{"embeddable":true,"href":"https:\/\/diegocaro.co\/index.php\/wp-json\/wp\/v2\/users\/2"}],"replies":[{"embeddable":true,"href":"https:\/\/diegocaro.co\/index.php\/wp-json\/wp\/v2\/comments?post=22"}],"version-history":[{"count":92,"href":"https:\/\/diegocaro.co\/index.php\/wp-json\/wp\/v2\/pages\/22\/revisions"}],"predecessor-version":[{"id":213,"href":"https:\/\/diegocaro.co\/index.php\/wp-json\/wp\/v2\/pages\/22\/revisions\/213"}],"wp:attachment":[{"href":"https:\/\/diegocaro.co\/index.php\/wp-json\/wp\/v2\/media?parent=22"}],"curies":[{"name":"wp","href":"https:\/\/api.w.org\/{rel}","templated":true}]}}

<p>[vc_row][vc_column]<div class="eltdf-text-marquee eltdf-tm-2316" style="color: #000000;font-size: 16px;font-weight: 700" data-item-class="eltdf-tm-2316">
	<span class="eltdf-marquee-element eltdf-original-text">BOGOTÁ MERECE VIVIR SIN MIEDO</span>
	<span class="eltdf-marquee-element eltdf-aux-text">BOGOTÁ MERECE VIVIR SIN MIEDO</span>
</div>  [/vc_column][/vc_row][vc_row content_placement=&#8221;middle&#8221; content_text_aligment=&#8221;center&#8221;][vc_column][vc_column_text]</p>
<h3>Bogotá necesita orden</h3>
<p>[/vc_column_text][vc_column_text]</p>
<p style="text-align: center;">Gracias por estar aquí.</p>
<p style="text-align: center;">Esta no es una página más de política: es un espacio para<br />
quienes están <strong>cansados de la inseguridad</strong>, de la <strong>improvisación</strong> y de que jueguen<br />
con la vida de la gente. Defender Bogotá es <strong>defender a las familias</strong> que madrugan, trabajan y sostienen esta ciudad. Defender a nuestros hijos es poner límites claros al crimen, a la <strong>corrupción</strong> y a la indiferencia del Estado.<br />
Aquí encontrarás <strong>quién soy</strong>, qué propongo y cómo puedes hacer parte de este<br />
proyecto.</p>
<p style="text-align: center;"><strong>¡Acompañame!</strong></p>
<p>[/vc_column_text][vc_column_text]</p>
<h1 style="text-align: center;">La voz de la ciudad</h1>
<p>[/vc_column_text][/vc_column][/vc_row][vc_row][vc_column width=&#8221;1/2&#8243;][vc_empty_space][vc_video link=&#8221;https://www.youtube.com/playlist?list=PL_AhcfM2d90yTGuV7KQ0XrvDDcqzC7GC4&#8243;][vc_empty_space][/vc_column][vc_column width=&#8221;1/2&#8243;][vc_empty_space][vc_video link=&#8221;https://www.youtube.com/playlist?list=PL_AhcfM2d90x150M9E3uAA21d7cew5Km9&#8243;][vc_empty_space][/vc_column][/vc_row][vc_row][vc_column width=&#8221;1/3&#8243;][vc_empty_space][vc_video link=&#8221;https://www.youtube.com/shorts/yRC_SF7N7Pk&#8221;][vc_empty_space][/vc_column][vc_column width=&#8221;1/3&#8243;][vc_empty_space][vc_video link=&#8221;https://www.youtube.com/shorts/ZPQC-zMTvYU&#8221;][vc_empty_space][/vc_column][vc_column width=&#8221;1/3&#8243;][vc_empty_space][vc_video link=&#8221;https://www.youtube.com/shorts/9Xlp6Sjf4FA&#8221;][vc_empty_space][/vc_column][/vc_row][vc_row content_placement=&#8221;middle&#8221; row_content_width=&#8221;grid&#8221;][vc_column width=&#8221;1/3&#8243;]<div class="eltdf-iwt">
    <div class="eltdf-iwt-inner clearfix  eltdf-iwt-icon-top eltdf-iwt-icon-tiny     " >
                    <div class="eltdf-iwt-icon">
                                            <img loading="lazy" decoding="async" width="200" height="179" src="https://diegocaro.co/wp-content/uploads/2026/01/Captura-de-pantalla-2026-01-24-113516-1.png" class="attachment-full size-full" alt="" />                                                            </div>
            <div class="eltdf-iwt-content" >
                                    <h6 class="eltdf-iwt-title" >
                        <span class="eltdf-iwt-title-text">``No es normal sentir un nudo en el estómago al sacar el celular en el paradero.``</span>
                    </h6>
                                            </div>
            </div>
</div>[/vc_column][vc_column width=&#8221;1/3&#8243;]<div class="eltdf-iwt">
    <div class="eltdf-iwt-inner clearfix  eltdf-iwt-icon-top eltdf-iwt-icon-tiny     " >
                    <div class="eltdf-iwt-icon">
                                            <img loading="lazy" decoding="async" width="200" height="179" src="https://diegocaro.co/wp-content/uploads/2026/01/Captura-de-pantalla-2026-01-24-113516-1.png" class="attachment-full size-full" alt="" />                                                            </div>
            <div class="eltdf-iwt-content" >
                                    <h6 class="eltdf-iwt-title" >
                        <span class="eltdf-iwt-title-text">``No es normal medir la hora de llegada a casa por miedo a la calle.``</span>
                    </h6>
                                            </div>
            </div>
</div>[/vc_column][vc_column width=&#8221;1/3&#8243;]<div class="eltdf-iwt">
    <div class="eltdf-iwt-inner clearfix  eltdf-iwt-icon-top eltdf-iwt-icon-tiny     " >
                    <div class="eltdf-iwt-icon">
                                            <img loading="lazy" decoding="async" width="200" height="179" src="https://diegocaro.co/wp-content/uploads/2026/01/Captura-de-pantalla-2026-01-24-113516-1.png" class="attachment-full size-full" alt="" />                                                            </div>
            <div class="eltdf-iwt-content" >
                                    <h6 class="eltdf-iwt-title" >
                        <span class="eltdf-iwt-title-text">``No es normal que el que te robó salga libre antes de que tú termines la denuncia.``</span>
                    </h6>
                                            </div>
            </div>
</div>[/vc_column][/vc_row][vc_row][vc_column width=&#8221;1/3&#8243;][/vc_column][vc_column width=&#8221;1/3&#8243;][vc_empty_space]<div class="eltdf-iwt">
    <div class="eltdf-iwt-inner clearfix  eltdf-iwt-icon-top eltdf-iwt-icon-tiny     " >
                    <div class="eltdf-iwt-icon">
                                            <img loading="lazy" decoding="async" width="200" height="179" src="https://diegocaro.co/wp-content/uploads/2026/01/Captura-de-pantalla-2026-01-24-113516-1.png" class="attachment-full size-full" alt="" />                                                            </div>
            <div class="eltdf-iwt-content" >
                                    <h6 class="eltdf-iwt-title" >
                        <span class="eltdf-iwt-title-text">``Nos acostumbramos al miedo. Pero el miedo no es el destino de Bogotá.``</span>
                    </h6>
                                            </div>
            </div>
</div>[/vc_column][vc_column width=&#8221;1/3&#8243;][/vc_column][/vc_row][vc_row][vc_column][vc_column_text]</p>
<h1 style="text-align: center;">El Candidato</h1>
<p>[/vc_column_text][vc_empty_space][/vc_column][/vc_row][vc_row content_placement=&#8221;middle&#8221; row_content_width=&#8221;grid&#8221;][vc_column]<div class="eltdf-animation-holder eltdf-fade-in-down" data-animation="eltdf-fade-in-down" data-animation-delay=""><div class="eltdf-animation-inner"><div class="eltdf-image-with-text-holder  eltdf-has-shadow   ">
    <div class="eltdf-iwt-image">
                                    <img loading="lazy" decoding="async" src="https://diegocaro.co/wp-content/uploads/2026/01/WhatsApp-Image-2026-01-14-at-11.34.51-AM-600x800.jpeg" alt="" width="600" height="800" />                        </div>

        <div class="eltdf-iwt-title-holder">
        <h2 class="eltdf-iwt-title" >
                        Diego Caro			                </h2>
    </div>
    
            <div class="eltdf-iwt-text-holder">
        <p class="eltdf-iwt-text" >No busco convencerte con promesas que ya has escuchado mil veces. Estoy aquí porque, al igual que tú, no acepto que vivir con miedo sea nuestra única opción. Mi compromiso es el orden, la autoridad y la responsabilidad de hacerme cargo.</p>
        </div>
    </div></div></div>[/vc_column][/vc_row][vc_row][vc_column parallax=&#8221;content-moving&#8221; css=&#8221;.vc_custom_1768867350791{border-radius: 4px !important;}&#8221;]<div class="eltdf-call-to-action-holder  eltdf-normal-layout eltdf-content-in-grid eltdf-three-quarters-columns">
	<div class="eltdf-cta-inner eltdf-grid">
		<div class="eltdf-cta-text-holder">
			<div class="eltdf-cta-text">
<h4><b data-path-to-node="16" data-index-in-node="2">Sé parte de la historia. Sé parte del 103 x Bogotá</b></h4>
</div>
		</div>
		<div class="eltdf-cta-button-holder" >
			<div class="eltdf-cta-button"><a itemprop="url" href="https://wa.me/573207185159" target="_self" style="color: #ffffff;background-color: #0b569b" class="eltdf-btn eltdf-btn-large eltdf-btn-solid eltdf-btn-direction-animation"  >    <span class="eltdf-btn-text">Unirme</span>                        <span class="eltdf-btn-background-holder">            <span class="eltdf-btn-background"></span>        </span>            </a></div>
		</div>
	</div>
</div>[/vc_column][/vc_row]</p>

<p>[vc_row][vc_column][/vc_column][/vc_row][vc_row content_placement=&#8221;middle&#8221; content_text_aligment=&#8221;center&#8221;][vc_column][vc_column_text] Bogotá necesita orden [/vc_column_text][vc_column_text] Gracias por estar aquí. Esta no es una página más de política: es un espacio para quienes están cansados de la inseguridad, de la improvisación y de que jueguen con la vida de [&hellip;]</p>
