{"id":25,"date":"2026-01-19T00:17:26","date_gmt":"2026-01-19T00:17:26","guid":{"rendered":"https:\/\/diegocaro.co\/?page_id=25"},"modified":"2026-02-03T01:22:21","modified_gmt":"2026-02-03T01:22:21","slug":"soy-diego-caro","status":"publish","type":"page","link":"https:\/\/diegocaro.co\/index.php\/soy-diego-caro\/","title":{"rendered":"Soy Diego Caro"},"content":{"rendered":"<p>[vc_row][vc_column]<div class=\"eltdf-image-with-text-holder     \">\n    <div class=\"eltdf-iwt-image\">\n                                    <img loading=\"lazy\" decoding=\"async\" width=\"682\" height=\"1024\" src=\"https:\/\/diegocaro.co\/wp-content\/uploads\/2026\/01\/WhatsApp-Image-2026-01-14-at-11.34.51-AM-682x1024.jpeg\" class=\"attachment-large size-large\" alt=\"\" srcset=\"https:\/\/diegocaro.co\/wp-content\/uploads\/2026\/01\/WhatsApp-Image-2026-01-14-at-11.34.51-AM-682x1024.jpeg 682w, https:\/\/diegocaro.co\/wp-content\/uploads\/2026\/01\/WhatsApp-Image-2026-01-14-at-11.34.51-AM-200x300.jpeg 200w, https:\/\/diegocaro.co\/wp-content\/uploads\/2026\/01\/WhatsApp-Image-2026-01-14-at-11.34.51-AM-768x1154.jpeg 768w, https:\/\/diegocaro.co\/wp-content\/uploads\/2026\/01\/WhatsApp-Image-2026-01-14-at-11.34.51-AM.jpeg 852w\" sizes=\"auto, (max-width: 682px) 100vw, 682px\" \/>                        <\/div>\n\n        <div class=\"eltdf-iwt-title-holder\">\n        <h3 class=\"eltdf-iwt-title\" >\n                        Soy Diego Caro\t\t\t                <\/h3>\n    <\/div>\n    \n    <\/div>[vc_column_text]<\/p>\n<p style=\"text-align: justify;\"><span style=\"font-family: 'Arial',sans-serif;\">Empresario bogotano, esposo y padre de familia, con m\u00e1s de 20 a\u00f1os de experiencia en sectores como autopartes, transporte, salud y construcci\u00f3n. He desarrollado una labor pol\u00edtica y social durante m\u00e1s de 12 a\u00f1os. Actualmente ejerzo un trabajo de opini\u00f3n a trav\u00e9s de columnas en mi blog y videos sobre la actualidad nacional. Creo firmemente que la familia es sagrada y que la ni\u00f1ez debe estar siempre fuera de cualquier forma de abuso, ideolog\u00eda o manipulaci\u00f3n.<\/span><\/p>\n<p style=\"text-align: justify;\"><span style=\"font-family: 'Arial',sans-serif;\">Me postulo como Representante a la C\u00e1mara por Bogot\u00e1, porque esta ciudad necesita una voz firme, valiente y sin miedo, que ponga l\u00edmites, que defienda a las familias y que no se arrodille ante el caos, la inseguridad y la improvisaci\u00f3n. <\/span><\/p>\n<p>[\/vc_column_text][vc_empty_space][\/vc_column][\/vc_row][vc_row][vc_column][vc_row_inner][vc_column_inner]<div class=\"eltdf-animation-holder eltdf-grow-in\" data-animation=\"eltdf-grow-in\" data-animation-delay=\"\"><div class=\"eltdf-animation-inner\"><div class=\"eltdf-image-gallery eltdf-grid-list eltdf-disable-bottom-space  eltdf-ig-grid-type eltdf-five-columns eltdf-no-space   \">\n\t<div class=\"eltdf-ig-inner eltdf-outer-space\">\n\t\t\t\t\t<div class=\"eltdf-ig-image eltdf-item-space\">\n\t\t\t\t<div class=\"eltdf-ig-image-inner\">\n\t\t\t\t\t\t\t\t\t\t\t<img loading=\"lazy\" decoding=\"async\" width=\"852\" height=\"1280\" src=\"https:\/\/diegocaro.co\/wp-content\/uploads\/2026\/01\/WhatsApp-Image-2026-01-14-at-11.34.50-AM.jpeg\" class=\"attachment-full size-full\" alt=\"\" srcset=\"https:\/\/diegocaro.co\/wp-content\/uploads\/2026\/01\/WhatsApp-Image-2026-01-14-at-11.34.50-AM.jpeg 852w, https:\/\/diegocaro.co\/wp-content\/uploads\/2026\/01\/WhatsApp-Image-2026-01-14-at-11.34.50-AM-200x300.jpeg 200w, https:\/\/diegocaro.co\/wp-content\/uploads\/2026\/01\/WhatsApp-Image-2026-01-14-at-11.34.50-AM-682x1024.jpeg 682w, https:\/\/diegocaro.co\/wp-content\/uploads\/2026\/01\/WhatsApp-Image-2026-01-14-at-11.34.50-AM-768x1154.jpeg 768w\" sizes=\"auto, (max-width: 852px) 100vw, 852px\" \/>\t\t\t\t\t\t\t\t\t<\/div>\n\t\t\t<\/div>\n\t\t\t\t\t<div class=\"eltdf-ig-image eltdf-item-space\">\n\t\t\t\t<div class=\"eltdf-ig-image-inner\">\n\t\t\t\t\t\t\t\t\t\t\t<img loading=\"lazy\" decoding=\"async\" width=\"852\" height=\"1280\" src=\"https:\/\/diegocaro.co\/wp-content\/uploads\/2026\/01\/WhatsApp-Image-2026-01-14-at-11.34.50-AM-1.jpeg\" class=\"attachment-full size-full\" alt=\"\" srcset=\"https:\/\/diegocaro.co\/wp-content\/uploads\/2026\/01\/WhatsApp-Image-2026-01-14-at-11.34.50-AM-1.jpeg 852w, https:\/\/diegocaro.co\/wp-content\/uploads\/2026\/01\/WhatsApp-Image-2026-01-14-at-11.34.50-AM-1-200x300.jpeg 200w, https:\/\/diegocaro.co\/wp-content\/uploads\/2026\/01\/WhatsApp-Image-2026-01-14-at-11.34.50-AM-1-682x1024.jpeg 682w, https:\/\/diegocaro.co\/wp-content\/uploads\/2026\/01\/WhatsApp-Image-2026-01-14-at-11.34.50-AM-1-768x1154.jpeg 768w\" sizes=\"auto, (max-width: 852px) 100vw, 852px\" \/>\t\t\t\t\t\t\t\t\t<\/div>\n\t\t\t<\/div>\n\t\t\t\t\t<div class=\"eltdf-ig-image eltdf-item-space\">\n\t\t\t\t<div class=\"eltdf-ig-image-inner\">\n\t\t\t\t\t\t\t\t\t\t\t<img loading=\"lazy\" decoding=\"async\" width=\"852\" height=\"1280\" src=\"https:\/\/diegocaro.co\/wp-content\/uploads\/2026\/01\/WhatsApp-Image-2026-01-14-at-11.34.51-AM-1.jpeg\" class=\"attachment-full size-full\" alt=\"\" srcset=\"https:\/\/diegocaro.co\/wp-content\/uploads\/2026\/01\/WhatsApp-Image-2026-01-14-at-11.34.51-AM-1.jpeg 852w, https:\/\/diegocaro.co\/wp-content\/uploads\/2026\/01\/WhatsApp-Image-2026-01-14-at-11.34.51-AM-1-200x300.jpeg 200w, https:\/\/diegocaro.co\/wp-content\/uploads\/2026\/01\/WhatsApp-Image-2026-01-14-at-11.34.51-AM-1-682x1024.jpeg 682w, https:\/\/diegocaro.co\/wp-content\/uploads\/2026\/01\/WhatsApp-Image-2026-01-14-at-11.34.51-AM-1-768x1154.jpeg 768w\" sizes=\"auto, (max-width: 852px) 100vw, 852px\" \/>\t\t\t\t\t\t\t\t\t<\/div>\n\t\t\t<\/div>\n\t\t\t\t\t<div class=\"eltdf-ig-image eltdf-item-space\">\n\t\t\t\t<div class=\"eltdf-ig-image-inner\">\n\t\t\t\t\t\t\t\t\t\t\t<img loading=\"lazy\" decoding=\"async\" width=\"1080\" height=\"810\" src=\"https:\/\/diegocaro.co\/wp-content\/uploads\/2026\/01\/WhatsApp-Image-2026-01-06-at-5.23.31-PM.jpeg\" class=\"attachment-full size-full\" alt=\"\" srcset=\"https:\/\/diegocaro.co\/wp-content\/uploads\/2026\/01\/WhatsApp-Image-2026-01-06-at-5.23.31-PM.jpeg 1080w, https:\/\/diegocaro.co\/wp-content\/uploads\/2026\/01\/WhatsApp-Image-2026-01-06-at-5.23.31-PM-300x225.jpeg 300w, https:\/\/diegocaro.co\/wp-content\/uploads\/2026\/01\/WhatsApp-Image-2026-01-06-at-5.23.31-PM-1024x768.jpeg 1024w, https:\/\/diegocaro.co\/wp-content\/uploads\/2026\/01\/WhatsApp-Image-2026-01-06-at-5.23.31-PM-768x576.jpeg 768w\" sizes=\"auto, (max-width: 1080px) 100vw, 1080px\" \/>\t\t\t\t\t\t\t\t\t<\/div>\n\t\t\t<\/div>\n\t\t\t<\/div>\n<\/div><\/div><\/div>[\/vc_column_inner][\/vc_row_inner][vc_empty_space][\/vc_column][\/vc_row][vc_row][vc_column width=&#8221;1\/3&#8243;][vc_column_text]<\/p>\n<h3>\u00bfPOR QU\u00c9 QUIERO LLEGAR AL CONGRESO?<\/h3>\n<p>[\/vc_column_text][\/vc_column][vc_column width=&#8221;2\/3&#8243;][vc_column_text]Porque Bogot\u00e1 necesita una voz firme que defienda a sus familias.<br \/>\nPorque no podemos seguir normalizando la inseguridad, el caos y la improvisaci\u00f3n.<br \/>\nPorque quiero hacer control pol\u00edtico serio, proponer leyes claras y defender a<br \/>\nquienes hacen las cosas bien: los que trabajan, pagan impuestos y cumplen la ley.<br \/>\nLlegar al Congreso no es un fin personal. Es una herramienta para cuidar a Bogot\u00e1<br \/>\ny a nuestros hijos[\/vc_column_text][\/vc_column][\/vc_row][vc_row][vc_column][vc_empty_space][vc_column_text]<\/p>\n<h3>NUESTRAS PROPUESTAS PARA BOGOT\u00c1<\/h3>\n<p>[\/vc_column_text][vc_column_text]Bogot\u00e1 necesita car\u00e1cter, decisiones y alguien que d\u00e9 la cara. Estas no son<br \/>\npromesas bonitas: son posiciones claras para defender a la ciudad desde la C\u00e1mara<br \/>\nde Representantes.<\/p>\n<h4>Damos la cara por Bogot\u00e1. C\u00e1mara 103.<\/h4>\n<p>[\/vc_column_text][vc_empty_space]<a itemprop=\"url\" href=\"https:\/\/diegocaro.co\/index.php\/propuestas\/\" target=\"_self\"  class=\"eltdf-btn eltdf-btn-huge eltdf-btn-outline eltdf-btn-direction-animation\"  >\n    <span class=\"eltdf-btn-text\">Ver Nuestras Propuestas<\/span>\n                        <span class=\"eltdf-btn-background-holder\">\n            <span class=\"eltdf-btn-background\"><\/span>\n        <\/span>\n            <\/a>[\/vc_column][\/vc_row]<\/p>\n","protected":false},"excerpt":{"rendered":"<p>[vc_row][vc_column][vc_column_text] Empresario bogotano, esposo y padre de familia, con m\u00e1s de 20 a\u00f1os de experiencia en sectores como autopartes, transporte, salud y construcci\u00f3n. He desarrollado una labor pol\u00edtica y social durante m\u00e1s de 12 a\u00f1os. Actualmente ejerzo un trabajo de [&hellip;]<\/p>\n","protected":false},"author":2,"featured_media":0,"parent":0,"menu_order":0,"comment_status":"closed","ping_status":"closed","template":"","meta":{"footnotes":""},"class_list":["post-25","page","type-page","status-publish","hentry"],"_links":{"self":[{"href":"https:\/\/diegocaro.co\/index.php\/wp-json\/wp\/v2\/pages\/25","targetHints":{"allow":["GET"]}}],"collection":[{"href":"https:\/\/diegocaro.co\/index.php\/wp-json\/wp\/v2\/pages"}],"about":[{"href":"https:\/\/diegocaro.co\/index.php\/wp-json\/wp\/v2\/types\/page"}],"author":[{"embeddable":true,"href":"https:\/\/diegocaro.co\/index.php\/wp-json\/wp\/v2\/users\/2"}],"replies":[{"embeddable":true,"href":"https:\/\/diegocaro.co\/index.php\/wp-json\/wp\/v2\/comments?post=25"}],"version-history":[{"count":27,"href":"https:\/\/diegocaro.co\/index.php\/wp-json\/wp\/v2\/pages\/25\/revisions"}],"predecessor-version":[{"id":129,"href":"https:\/\/diegocaro.co\/index.php\/wp-json\/wp\/v2\/pages\/25\/revisions\/129"}],"wp:attachment":[{"href":"https:\/\/diegocaro.co\/index.php\/wp-json\/wp\/v2\/media?parent=25"}],"curies":[{"name":"wp","href":"https:\/\/api.w.org\/{rel}","templated":true}]}}

<p>[vc_row][vc_column]<div class="eltdf-image-with-text-holder     ">
    <div class="eltdf-iwt-image">
                                    <img loading="lazy" decoding="async" width="682" height="1024" src="https://diegocaro.co/wp-content/uploads/2026/01/WhatsApp-Image-2026-01-14-at-11.34.51-AM-682x1024.jpeg" class="attachment-large size-large" alt="" srcset="https://diegocaro.co/wp-content/uploads/2026/01/WhatsApp-Image-2026-01-14-at-11.34.51-AM-682x1024.jpeg 682w, https://diegocaro.co/wp-content/uploads/2026/01/WhatsApp-Image-2026-01-14-at-11.34.51-AM-200x300.jpeg 200w, https://diegocaro.co/wp-content/uploads/2026/01/WhatsApp-Image-2026-01-14-at-11.34.51-AM-768x1154.jpeg 768w, https://diegocaro.co/wp-content/uploads/2026/01/WhatsApp-Image-2026-01-14-at-11.34.51-AM.jpeg 852w" sizes="auto, (max-width: 682px) 100vw, 682px" />                        </div>

        <div class="eltdf-iwt-title-holder">
        <h3 class="eltdf-iwt-title" >
                        Soy Diego Caro			                </h3>
    </div>
    
    </div>[vc_column_text]</p>
<p style="text-align: justify;"><span style="font-family: 'Arial',sans-serif;">Empresario bogotano, esposo y padre de familia, con más de 20 años de experiencia en sectores como autopartes, transporte, salud y construcción. He desarrollado una labor política y social durante más de 12 años. Actualmente ejerzo un trabajo de opinión a través de columnas en mi blog y videos sobre la actualidad nacional. Creo firmemente que la familia es sagrada y que la niñez debe estar siempre fuera de cualquier forma de abuso, ideología o manipulación.</span></p>
<p style="text-align: justify;"><span style="font-family: 'Arial',sans-serif;">Me postulo como Representante a la Cámara por Bogotá, porque esta ciudad necesita una voz firme, valiente y sin miedo, que ponga límites, que defienda a las familias y que no se arrodille ante el caos, la inseguridad y la improvisación. </span></p>
<p>[/vc_column_text][vc_empty_space][/vc_column][/vc_row][vc_row][vc_column][vc_row_inner][vc_column_inner]<div class="eltdf-animation-holder eltdf-grow-in" data-animation="eltdf-grow-in" data-animation-delay=""><div class="eltdf-animation-inner"><div class="eltdf-image-gallery eltdf-grid-list eltdf-disable-bottom-space  eltdf-ig-grid-type eltdf-five-columns eltdf-no-space   ">
	<div class="eltdf-ig-inner eltdf-outer-space">
					<div class="eltdf-ig-image eltdf-item-space">
				<div class="eltdf-ig-image-inner">
											<img loading="lazy" decoding="async" width="852" height="1280" src="https://diegocaro.co/wp-content/uploads/2026/01/WhatsApp-Image-2026-01-14-at-11.34.50-AM.jpeg" class="attachment-full size-full" alt="" srcset="https://diegocaro.co/wp-content/uploads/2026/01/WhatsApp-Image-2026-01-14-at-11.34.50-AM.jpeg 852w, https://diegocaro.co/wp-content/uploads/2026/01/WhatsApp-Image-2026-01-14-at-11.34.50-AM-200x300.jpeg 200w, https://diegocaro.co/wp-content/uploads/2026/01/WhatsApp-Image-2026-01-14-at-11.34.50-AM-682x1024.jpeg 682w, https://diegocaro.co/wp-content/uploads/2026/01/WhatsApp-Image-2026-01-14-at-11.34.50-AM-768x1154.jpeg 768w" sizes="auto, (max-width: 852px) 100vw, 852px" />									</div>
			</div>
					<div class="eltdf-ig-image eltdf-item-space">
				<div class="eltdf-ig-image-inner">
											<img loading="lazy" decoding="async" width="852" height="1280" src="https://diegocaro.co/wp-content/uploads/2026/01/WhatsApp-Image-2026-01-14-at-11.34.50-AM-1.jpeg" class="attachment-full size-full" alt="" srcset="https://diegocaro.co/wp-content/uploads/2026/01/WhatsApp-Image-2026-01-14-at-11.34.50-AM-1.jpeg 852w, https://diegocaro.co/wp-content/uploads/2026/01/WhatsApp-Image-2026-01-14-at-11.34.50-AM-1-200x300.jpeg 200w, https://diegocaro.co/wp-content/uploads/2026/01/WhatsApp-Image-2026-01-14-at-11.34.50-AM-1-682x1024.jpeg 682w, https://diegocaro.co/wp-content/uploads/2026/01/WhatsApp-Image-2026-01-14-at-11.34.50-AM-1-768x1154.jpeg 768w" sizes="auto, (max-width: 852px) 100vw, 852px" />									</div>
			</div>
					<div class="eltdf-ig-image eltdf-item-space">
				<div class="eltdf-ig-image-inner">
											<img loading="lazy" decoding="async" width="852" height="1280" src="https://diegocaro.co/wp-content/uploads/2026/01/WhatsApp-Image-2026-01-14-at-11.34.51-AM-1.jpeg" class="attachment-full size-full" alt="" srcset="https://diegocaro.co/wp-content/uploads/2026/01/WhatsApp-Image-2026-01-14-at-11.34.51-AM-1.jpeg 852w, https://diegocaro.co/wp-content/uploads/2026/01/WhatsApp-Image-2026-01-14-at-11.34.51-AM-1-200x300.jpeg 200w, https://diegocaro.co/wp-content/uploads/2026/01/WhatsApp-Image-2026-01-14-at-11.34.51-AM-1-682x1024.jpeg 682w, https://diegocaro.co/wp-content/uploads/2026/01/WhatsApp-Image-2026-01-14-at-11.34.51-AM-1-768x1154.jpeg 768w" sizes="auto, (max-width: 852px) 100vw, 852px" />									</div>
			</div>
					<div class="eltdf-ig-image eltdf-item-space">
				<div class="eltdf-ig-image-inner">
											<img loading="lazy" decoding="async" width="1080" height="810" src="https://diegocaro.co/wp-content/uploads/2026/01/WhatsApp-Image-2026-01-06-at-5.23.31-PM.jpeg" class="attachment-full size-full" alt="" srcset="https://diegocaro.co/wp-content/uploads/2026/01/WhatsApp-Image-2026-01-06-at-5.23.31-PM.jpeg 1080w, https://diegocaro.co/wp-content/uploads/2026/01/WhatsApp-Image-2026-01-06-at-5.23.31-PM-300x225.jpeg 300w, https://diegocaro.co/wp-content/uploads/2026/01/WhatsApp-Image-2026-01-06-at-5.23.31-PM-1024x768.jpeg 1024w, https://diegocaro.co/wp-content/uploads/2026/01/WhatsApp-Image-2026-01-06-at-5.23.31-PM-768x576.jpeg 768w" sizes="auto, (max-width: 1080px) 100vw, 1080px" />									</div>
			</div>
			</div>
</div></div></div>[/vc_column_inner][/vc_row_inner][vc_empty_space][/vc_column][/vc_row][vc_row][vc_column width=&#8221;1/3&#8243;][vc_column_text]</p>
<h3>¿POR QUÉ QUIERO LLEGAR AL CONGRESO?</h3>
<p>[/vc_column_text][/vc_column][vc_column width=&#8221;2/3&#8243;][vc_column_text]Porque Bogotá necesita una voz firme que defienda a sus familias.<br />
Porque no podemos seguir normalizando la inseguridad, el caos y la improvisación.<br />
Porque quiero hacer control político serio, proponer leyes claras y defender a<br />
quienes hacen las cosas bien: los que trabajan, pagan impuestos y cumplen la ley.<br />
Llegar al Congreso no es un fin personal. Es una herramienta para cuidar a Bogotá<br />
y a nuestros hijos[/vc_column_text][/vc_column][/vc_row][vc_row][vc_column][vc_empty_space][vc_column_text]</p>
<h3>NUESTRAS PROPUESTAS PARA BOGOTÁ</h3>
<p>[/vc_column_text][vc_column_text]Bogotá necesita carácter, decisiones y alguien que dé la cara. Estas no son<br />
promesas bonitas: son posiciones claras para defender a la ciudad desde la Cámara<br />
de Representantes.</p>
<h4>Damos la cara por Bogotá. Cámara 103.</h4>
<p>[/vc_column_text][vc_empty_space]<a itemprop="url" href="https://diegocaro.co/index.php/propuestas/" target="_self"  class="eltdf-btn eltdf-btn-huge eltdf-btn-outline eltdf-btn-direction-animation"  >
    <span class="eltdf-btn-text">Ver Nuestras Propuestas</span>
                        <span class="eltdf-btn-background-holder">
            <span class="eltdf-btn-background"></span>
        </span>
            </a>[/vc_column][/vc_row]</p>

<p>[vc_row][vc_column][vc_column_text] Empresario bogotano, esposo y padre de familia, con más de 20 años de experiencia en sectores como autopartes, transporte, salud y construcción. He desarrollado una labor política y social durante más de 12 años. Actualmente ejerzo un trabajo de [&hellip;]</p>
